 of 13 and d.
13
Suppose -8 + 23 = 3*g. Let c(y) = -y**3 - y**2 + y + 15. Let l be c(0). Let x = l - g. Calculate the highest common divisor of 20 and x.
10
Suppose 1 = -j, -1 = 3*u + j - 3. Suppose 0*t + v = 2*t - 3, 2*v = -3*t + 1. Calculate the greatest common divisor of t and u.
1
Suppose 0 = q - 0 + 2. Let x = q - -3. Calculate the greatest common factor of 8 and x.
1
Suppose -2*n + 680 = u, u - 75 - 605 = 2*n. Suppose 0*h - u = -5*h. Calculate the greatest common factor of 17 and h.
17
Let m(y) = y - 2. Let j be m(4). Let a(u) = 2*u**2 - j*u**2 + 8*u - 4 - 2 + 3*u**2. Let v be a(-6). What is the highest common factor of v and 18?
18
Suppose -f + 3*f = 3*r - 223, 0 = -2*r - 5*f + 155. Calculate the highest common factor of r and 15.
15
Suppose -6 + 14 = -2*t. Let b be t/(1/((-27)/6)). What is the highest common divisor of 6 and b?
6
Let g = 4 + -3. Let k be 484/8 + g/(-2). Suppose 0 = -5*u - 10, t - 3*u + 2*u = 17. What is the greatest common factor of t and k?
15
Let s(r) = -r**3 - 9*r**2 - 22. Let h be s(-11). What is the greatest common divisor of 11 and h?
11
Suppose 0 = 11*s - 1657 + 117. Let z(m) = m**3 + 5*m**2 - m. Let h be z(-4). What is the highest common divisor of h and s?
20
Suppose 0 = -3*c + 4*v + 128, -2*c + 2*v + 2*v + 88 = 0. Let l(b) = 4*b**2 + 6*b - 8. Let m be l(-6). What is the highest common divisor of m and c?
20
Let p = -178 + 367. Calculate the highest common divisor of p and 21.
21
Suppose -3*q + 5*k + 340 = 2*q, 0 = -4*k + 16. What is the greatest common factor of q and 24?
24
Suppose -6 + 22 = 4*s. Let i(o) = o**2 - 3*o - 4. Let q be i(s). Suppose n + n - z - 31 = 0, 5*n - z - 79 = q. Calculate the highest common factor of 128 and n.
16
Let s be (-18)/(-4) + 3/(-6). Let k be s/6 - (-348)/18. What is the greatest common divisor of 160 and k?
20
Let j be 4/((-16)/20) - -47. Calculate the highest common factor of j and 112.
14
Let w be (-23)/(-7) + (-2)/7. Let o(s) = 4 - 2*s**2 + 0 + s**3 + 2*s**3 - s**3. Let m be o(w). Calculate the highest common divisor of m and 8.
8
Let d be (-17 + 1)*(-3)/2. Calculate the highest common factor of 16 and d.
8
Suppose -2*n - 2*r - 2*r = -64, -r = 5. What is the highest common factor of n and 63?
21
Suppose 0*o + 3*o - 24 = 0. Suppose 2*i - 124 = -2*h, 5*h = i - 0*i - 74. What is the highest common factor of i and o?
8
Let a be (-36)/(-21) + 4/14. Suppose 3 = a*p - 1. Suppose 0 = p*x - 0 - 20. What is the greatest common factor of 80 and x?
10
Suppose -3*o = -6 - 6. Suppose o*y = -4*z + 52, -2*z + 4*y - 9 = -y. What is the greatest common factor of 88 and z?
8
Let d = 84 - 50. Suppose -146 + d = -4*f. Calculate the highest common factor of 42 and f.
14
Suppose a + i + 10 = -2, -a - 12 = 2*i. Let c be (-14)/a - 2/12. Let b = -8 + 13. Calculate the highest common divisor of c and b.
1
Suppose -8 = -5*q + q. Suppose -q*a + 373 + 133 = 0. What is the highest common divisor of 23 and a?
23
Suppose 0*m + o + 11 = 3*m, 4*m - 6 = -3*o. Suppose -5*c + 17 = -13. What is the greatest common divisor of m and c?
3
Suppose 41 = 3*s - 28. What is the greatest common divisor of 161 and s?
23
Suppose -51 = -3*m - 2*c + 103, -152 = -3*m - 4*c. Let p = -30 + m. What is the highest common divisor of p and 11?
11
Suppose 2*z + 2 = 10. Suppose 96 + 480 = z*f. Let h = -64 - -80. What is the highest common divisor of h and f?
16
Suppose 0 = -3*s - 5*z + 4 + 1, -3 = -3*z. Suppose p - 2*d + s*d - 14 = 0, -4 = p + 4*d. What is the highest common factor of p and 64?
8
Let z = 11 + 1. Let l be z/(-3)*(-3)/6. Let r be ((-4)/14)/((-2)/14). Calculate the highest common factor of l and r.
2
Let o = -16 + 17. Calculate the highest common factor of o and 11.
1
Let j be -1*(-2)/(-6)*-9. Suppose 9 + j = p. Suppose -2*h = -2*z - 4*h + 262, -2*z = -h - 265. What is the greatest common factor of z and p?
12
Let h = -164 + 230. What is the greatest common divisor of h and 22?
22
Let j(d) be the second derivative of -d**3/3 + 81*d**2 + 3*d. Let r be j(0). Calculate the greatest common factor of r and 18.
18
Let z be 66/10 + 4/10. Let j be 2/(-6) + (-1479)/(-9). Suppose -144 - j = -4*x. Calculate the greatest common divisor of z and x.
7
Let b = -6 + 11. Suppose -c = c. Suppose 3*w - h - 2 = w, -4*h = c. What is the highest common divisor of w and b?
1
Let k = -1 + 3. Suppose -3*b - k*b + 195 = 0. Calculate the greatest common divisor of 26 and b.
13
Let g(v) = v**2 + 3*v - 4. Let d be g(-5). Let b(l) = 7*l**2 - 13*l - 6. Let h be b(4). What is the greatest common divisor of h and d?
6
Suppose 0 = 2*v - k + 4*k - 13, 3*v - k = 3. What is the greatest common divisor of 8 and v?
2
Let v(q) = -44*q - 4. Let i be (-52)/16 + (-3)/(-12). Let r be v(i). Suppose -5*s = -r - 587. What is the greatest common factor of 13 and s?
13
Suppose -5 = v - 2*v. Suppose 3*d - 5*t + 17 = 0, 2*d - 4*d = v*t + 3. Let a = d - -6. Calculate the highest common factor of 3 and a.
1
Let g(o) = -o**2 - 7*o - 3 + 1 - 2. Let a be g(-6). Suppose 0 = -4*z + 3*y + 50, a*z = 5*y + 8 + 10. What is the highest common factor of z and 35?
7
Suppose 3*o + u = 324 + 3, 2*u + 210 = 2*o. Calculate the highest common divisor of o and 27.
27
Let o(d) = -2*d**3 - 8*d**2 - 6*d - 2. Let t be o(-5). Calculate the highest common factor of t and 52.
26
Let n be 4/(-4) - 67*-1. Let j(c) = -c + 6. Let q be j(-6). Suppose -4*y + 12 = -q. What is the highest common divisor of n and y?
6
Suppose 3*r - 6 = -0*r. Suppose -r*b - 120 = -6*b. Suppose 2*x + x - b = 0. Calculate the greatest common factor of 5 and x.
5
Let t = -8 - -17. Let i = 16 - t. Calculate the greatest common factor of i and 56.
7
Let n(x) = 59*x**3 + 3*x - 2. Let d be n(1). Calculate the highest common divisor of 15 and d.
15
Let h be (-1 + -1)*(-15)/6. Let v(m) = -m**3 + 5*m**2 - 2*m + 4. Let r be v(h). Let o = 16 + r. Calculate the greatest common divisor of o and 80.
10
Let f(c) = -14*c - 6. Let s be f(-5). Suppose l = -3*o + 48 + 1, 0 = o - 4*l - 12. Calculate the highest common factor of o and s.
16
Let x(u) = u**3 + 11*u**2 - 18*u - 12. Let b be x(-12). Calculate the highest common factor of b and 24.
12
Let t be (-2)/(-4)*-4 + 4. Suppose -21 = -4*x - g, -2*x - t*g - 3 = 3*g. Let m = 35 - -31. What is the highest common factor of x and m?
6
Suppose 15 + 25 = 5*k. Let v = 62 + -20. Let x = v - 18. Calculate the greatest common divisor of k and x.
8
Let q(f) be the first derivative of -f**2/2 + 6*f + 1. Let m be q(0). What is the highest common divisor of m and 54?
6
Let s be ((-4)/(-9))/(6/27). What is the greatest common divisor of s and 6?
2
Suppose -2*y = 2*b - 14, -3*b - 23 = -5*y + 4. What is the greatest common divisor of y and 66?
6
Suppose -4 - 32 = -2*p. Suppose -r + 7 = p. Let s = r - -25. Calculate the greatest common factor of s and 28.
14
Let j = -13 + 15. Suppose -j*p + 6*p = 44. What is the highest common divisor of p and 77?
11
Let o = 60 + -21. Suppose -p - 65 = -3*w - 2*w, -3*w = -3*p - o. Suppose 0 = -a + 5*y + 18, y + 2 = a - 12. Calculate the greatest common factor of w and a.
13
Let b = -5 - -10. Suppose -2*g + 110 = b*w - 7, -4*w + 97 = 5*g. What is the greatest common divisor of w and 23?
23
Suppose q + 0 = 4*k - 6, -5*k + 18 = 4*q. Suppose 4*r + 2*t = 34, 0 = q*r - 3*t - 1 - 36. Calculate the highest common factor of r and 66.
11
Suppose -2 + 58 = 2*b + 2*p, -132 = -5*b - 3*p. Let f be (-27)/(-6)*(-4)/(-3). What is the greatest common factor of f and b?
6
Suppose 2*c - 17 = -1. Let f = 7 + -2. Suppose m + k = 3, -2*k - 3*k + f = 0. What is the highest common factor of c and m?
2
Suppose 180 = 12*w - 7*w. What is the highest common divisor of 48 and w?
12
Let x(v) = -v**3 - 8*v**2 - v - 1. Let r be x(-8). Suppose -5*j + 3*o - r = -0*j, 5*o - 21 = -j. What is the highest common divisor of j and 9?
1
Let g = -3 + 15. Calculate the greatest common divisor of 36 and g.
12
Let q be 16/(-6)*(-135)/36. Calculate the highest common factor of 5 and q.
5
Suppose -6*s - j + 4 = -2*s, -5*s + 5 = 2*j. What is the highest common factor of s and 3?
1
Suppose 7*q - 95 = 6*q. Calculate the greatest common factor of q and 38.
19
Let p(o) = o**2 + o - 4. Let j be p(0). Let i = 9 + j. Suppose 1 = s, c + 0*c - 18 = 2*s. What is the highest common factor of i and c?
5
Let k(v) = -v**3 + 7*v**2 + 